l be (-757)/(-2) + 2/(-4). What is the highest common divisor of o and l?
54
Let n(v) = -15*v - 48. Let d be n(-10). Let j = -101 + d. Let b be 28*(-4)/(-4) - (1 + j). Calculate the greatest common factor of b and 13.
13
Let v(y) = -4*y - 4. Suppose 0 = -24*d + 26*d - 6. Suppose 5*x = -r + d*x - 15, 2*r - x + 5 = 0. Let h be v(r). Calculate the highest common factor of 8 and h.
8
Suppose -2*y = -3*y + 4*i + 5, 3*i = 2*y - 10. Let j(t) = -3*t**2 - 47*t + 125. Let b be j(0). Calculate the highest common divisor of b and y.
5
Let c be (261 + -1403)*(-1 + -8 + -1). What is the greatest common factor of c and 20?
20
Let l be -2084*(3/(-6)*0 - (-38)/(-76)). What is the greatest common factor of l and 2?
2
Let c be ((-14055)/(-10))/3 + 12/(-8). Let y be (-12)/21*(-1 - c/2). Calculate the greatest common divisor of y and 67.
67
Let d = 31 + -17. Let z = d + -7. Suppose 0 = 3*g, 3*h + 4*g - 123 - 24 = 0. What is the greatest common factor of h and z?
7
Let x be -17*(0 + (-2)/2). Let o = 1 + x. Let l be (-54)/(-5)*2700/324. What is the greatest common factor of l and o?
18
Let o(h) = 72*h - 1. Let j be o(2). Let c = -237 - -231. Let y be (-91)/21*(-24)/(10 + c). What is the highest common factor of j and y?
13
Let j be (3 + 7*(-4)/8)*-4. Suppose j*d - 3*u = 487, 2*d + 2*d - 3*u = 965. Let t = d + -87. Calculate the highest common factor of 19 and t.
19
Suppose -k = 4*f - 30504, -5*k - 9*f + 152583 = 2*f. Calculate the highest common factor of 68 and k.
68
Suppose -2*l - 677 + 3577 = -5*q, -3*q = -5*l + 7212. What is the greatest common divisor of l and 108?
36
Suppose 3*i - 6 = z - i, 0 = -3*z - i + 8. Let m be (-370)/(-4) + z/(-4). Let s be (-7)/5 + 5*1464/300. Calculate the highest common factor of m and s.
23
Let d = 26271 - 26181. Let t(p) = p**2 - 9*p + 14. Let u be t(11). Calculate the greatest common factor of d and u.
18
Suppose 22*m = 24*m - 310. Let w = -101 + m. What is the highest common factor of 12 and w?
6
Let z be (-3 - 102/18)/((-21)/18396). Calculate the highest common factor of z and 26.
26
Suppose -20*t = -2*t + 278856. Let l be 9/(-21) + t/(-84). Let i(o) = -23*o. Let j be i(-1). Calculate the greatest common factor of j and l.
23
Suppose 51059 = 47*v - 79977. What is the highest common divisor of 153 and v?
17
Let o = -7 + 37. Let q(y) = -8*y - 3. Let p be q(-6). Calculate the greatest common divisor of o and p.
15
Let f = 57 - 54. Let x be (f/((-12)/(-944)) - 1)*1. Let l = 178 + -84. What is the highest common divisor of x and l?
47
Suppose t + 299 + 56 = 0. Let v = t - -631. What is the highest common factor of 23 and v?
23
Let i = 3086 + -2078. Calculate the highest common factor of i and 16.
16
Suppose 0*m = 3*m - 114. Let h be 23*(-21605)/(-667) + -1 + -22. Calculate the highest common factor of m and h.
38
Let o(d) = d**3 + 5*d**2 - 3*d + 6. Let t be o(4). Let f = 47551 - 47539. What is the greatest common factor of f and t?
6
Let u be (-36)/(((-8)/14)/(31 + -29)). Let w be (-1482)/(-30) + (-4)/10. Suppose 4*g - 7 - w = 0. Calculate the greatest common factor of g and u.
14
Let q be (30/(-35))/(9/(-84)). Let a be q/(-6)*(-126)/168. Calculate the highest common factor of 4 and a.
1
Suppose 2360*v - 2365*v = -5*h - 410, h - 131 = -2*v. Suppose -4*k - 3*c = -1997, k - 3*c + 2494 = 6*k. What is the greatest common divisor of k and v?
71
Let i be -2 - -9 - (1 + 3). Let k be (-280)/(-84)*i*1. What is the highest common factor of 175 and k?
5
Suppose 0 = -5*f - 0*f + 50. Suppose 0 = 5*q - 4*y - 1274, 2*q - 3*y - 160 = 358. Calculate the highest common factor of q and f.
10
Suppose -2 = i, 2*p - 6*p + 5*i + 1374 = 0. Let y be (-66)/44 - (40/4)/((-44)/55). What is the greatest common divisor of p and y?
11
Suppose -5*k - 13 = 3*l - 45, 2*k = 2*l. Suppose l*p = -3*p + 56. Suppose p*d - 3*d - 350 = 0. What is the greatest common factor of d and 105?
35
Let k be (-2)/(-9) + 30/(8910/15081). Let c(h) = h - 1. Let v be c(4). What is the highest common divisor of k and v?
3
Let x be 1/5 + ((-24)/(-240))/((-5)/(-412190)). What is the highest common factor of x and 27?
9
Let h be (1 + 0)/(1/13). Let o(t) = 6*t - 27. Let c be o(5). Let a be (-141)/(-3) + c + 2. Calculate the highest common factor of h and a.
13
Suppose 0 = 20*f - 2663 + 951 - 2848. What is the highest common divisor of 6 and f?
6
Suppose 6 = -78*l + 80*l. Let b be l/(-6)*6 - -5 - -60. Calculate the greatest common divisor of b and 155.
31
Suppose -3*h - 7*j + 2035 - 398 = 0, -2*h + 1014 = -5*j. What is the highest common divisor of 68 and h?
17
Let q(f) = 4*f**3 + 48*f**2 + 5*f - 33. Let j be q(-10). What is the greatest common factor of j and 6?
3
Let k(n) = -84*n**3 + 2*n**2 + 5*n + 8. Let h be k(-2). What is the highest common factor of 72 and h?
6
Suppose 5*n + 84 = 7*n. Let g(k) = -9*k + 154. Let y be g(14). What is the highest common divisor of y and n?
14
Let n(a) be the first derivative of 10*a**2 + 117*a + 99. Let z be n(-5). What is the highest common divisor of 153 and z?
17
Suppose 5*a - 70 = 50. Let x be ((-16)/(-2))/(-17 - 364/(-21)). What is the highest common factor of a and x?
24
Let k be (-204)/(-255)*3/2*230. What is the greatest common factor of 24 and k?
12
Suppose j - 103*a - 202 = -98*a, 5*j - 1126 = -4*a. What is the greatest common divisor of j and 518?
74
Let b = -8480 - -9373. What is the highest common divisor of 247 and b?
19
Suppose -3*x + 1039 = -5*f, 3*f = -4*x + 669 + 726. Suppose 49 = u + 5*d - 0*d, 0 = -d + 5. Calculate the highest common divisor of x and u.
12
Suppose 0 = -3*s + s + 4. Suppose -3*q - 6 = 0, l - 3*q - 32 = s*q. Let i(b) = -1143*b + 52600. Let d be i(46). Calculate the highest common factor of d and l.
22
Suppose 2*z + 3*m = 2122, 3*z + 4*m + 0*m - 3181 = 0. Let s = z - 740. Let f be (s/(-6))/(-2*(-4)/(-16)). What is the highest common factor of f and 15?
15
Let u(i) = -6*i - 5. Let l be u(-2). Let m be (l + 1)*13/13. What is the highest common divisor of 44 and m?
4
Suppose 3*z + 107 = -133. Let q be (z/15)/((-2)/24). Let v = -5 + 21. What is the greatest common factor of q and v?
16
Suppose 30 = 5*o + 5*u, 5*o - 34 = -u - 2*u. Let d = 216 + -222. Let c be 45 - 5/(-1 - d). What is the greatest common factor of c and o?
4
Let b be (-7 + -1)*(-2907)/102. Calculate the highest common factor of b and 30780.
228
Let o be (-5 + 1)/(562/188 + -3). Let n = o - 240. Suppose -4*x - 3*l = -3 - 53, 0 = -3*x + 2*l + 59. What is the greatest common divisor of n and x?
17
Suppose 0 = -5*d + 2*d + 99. Let i be (-16)/(2 - (-136)/(-66)). What is the greatest common divisor of i and d?
33
Let r(v) = 4*v**3 + 19*v**2 - 147*v - 210. Let l be r(14). Calculate the greatest common divisor of 32 and l.
16
Let o be 2 - (16 + -21 - 3667). What is the highest common divisor of 66 and o?
22
Let b = 20323 + -17473. Calculate the greatest common factor of 225 and b.
75
Let n(o) = 29*o + 6*o**2 - 9*o**2 + 17*o**2 + 26*o**2. Let u be n(-3). What is the greatest common divisor of 39 and u?
39
Let u(z) be the third derivative of z**5/15 - 11*z**4/24 - 3*z**3 - 47*z**2. Let a be u(-7). Calculate the greatest common divisor of 102 and a.
51
Suppose -2*p + 2*j + 620 = 124, -3*p - 4*j = -730. Suppose 326 + p = 4*q. Suppose 35*h - 527 + 142 = 0. Calculate the greatest common divisor of q and h.
11
Let z(k) = 3*k**2 - 61*k - 436. Let i be z(28). Calculate the highest common factor of i and 432.
16
Suppose o + 434 = -4*c, -2*o + 214 = -3*c + 1126. Let p = o - -1180. What is the greatest common divisor of 10 and p?
10
Let v(s) = -s**3 - 3*s**2 + 26*s - 11. Let p be v(-7). Suppose 0 = 2*w + 3*o - 189, -22 = -p*w - o + 279. Calculate the greatest common divisor of w and 170.
34
Suppose 767936 = -244*x + 348*x. What is the highest common divisor of 312 and x?
104
Let a = 330 + -325. Suppose 4 = 21*k - 17*k + a*i, 2*i - 1 = -k. Calculate the greatest common divisor of 1 and k.
1
Let z be (63/(-2))/(1 + (-2618)/2576). Calculate the highest common factor of z and 92.
92
Let h be 24/3 + (10 - 6). Suppose 19*z - 22*z = -h. Suppose -3*l = -3*g - 0*g + 18, z*g = -l - 1. What is the greatest common factor of g and 1?
1
Let x(g) = -12*g - 39. Let u be x(-24). Let y = 281 - u. What is the greatest common factor of 16 and y?
16
Let s be 11 - (22168/(-2) - 0) - (-2 - 1). Calcul